{"id":6450,"date":"2024-09-05T15:29:14","date_gmt":"2024-09-05T13:29:14","guid":{"rendered":"https:\/\/ssps-backup.200.solutions\/?page_id=6450"},"modified":"2024-09-05T15:29:15","modified_gmt":"2024-09-05T13:29:15","slug":"certifikace","status":"publish","type":"page","link":"https:\/\/ssps-backup.200.solutions\/?page_id=6450","title":{"rendered":"Certifikace"},"content":{"rendered":"\n<p>Na Sm\u00edchovsk\u00e9 st\u0159edn\u00ed pr\u016fmyslov\u00e9 \u0161kole a gymn\u00e1ziu mohou studenti z\u00edskat r\u016fzn\u00e9 mezin\u00e1rodn\u011b uzn\u00e1van\u00e9 certifik\u00e1ty. <\/p>\n\n\n\n<p>Vlevo je seznam certifik\u00e1t\u016f, kter\u00e9 mohou studenti aktu\u00e1ln\u011b z\u00edskat.<\/p>\n","protected":false},"excerpt":{"rendered":"<p>Na Sm\u00edchovsk\u00e9 st\u0159edn\u00ed pr\u016fmyslov\u00e9 \u0161kole a gymn\u00e1ziu mohou studenti z\u00edskat r\u016fzn\u00e9 mezin\u00e1rodn\u011b uzn\u00e1van\u00e9 certifik\u00e1ty. Vlevo&#8230; <a href=\"https:\/\/ssps-backup.200.solutions\/?page_id=6450\" class=\"readmore\">Zobrazit v\u00edce<\/a><\/p>\n","protected":false},"author":24,"featured_media":0,"parent":154,"menu_order":0,"comment_status":"closed","ping_status":"closed","template":"","meta":{"_acf_changed":false,"inline_featured_image":false,"footnotes":""},"class_list":["post-6450","page","type-page","status-publish","hentry"],"acf":[],"_links":{"self":[{"href":"https:\/\/ssps-backup.200.solutions\/index.php?rest_route=\/wp\/v2\/pages\/6450","targetHints":{"allow":["GET"]}}],"collection":[{"href":"https:\/\/ssps-backup.200.solutions\/index.php?rest_route=\/wp\/v2\/pages"}],"about":[{"href":"https:\/\/ssps-backup.200.solutions\/index.php?rest_route=\/wp\/v2\/types\/page"}],"author":[{"embeddable":true,"href":"https:\/\/ssps-backup.200.solutions\/index.php?rest_route=\/wp\/v2\/users\/24"}],"replies":[{"embeddable":true,"href":"https:\/\/ssps-backup.200.solutions\/index.php?rest_route=%2Fwp%2Fv2%2Fcomments&post=6450"}],"version-history":[{"count":1,"href":"https:\/\/ssps-backup.200.solutions\/index.php?rest_route=\/wp\/v2\/pages\/6450\/revisions"}],"predecessor-version":[{"id":6452,"href":"https:\/\/ssps-backup.200.solutions\/index.php?rest_route=\/wp\/v2\/pages\/6450\/revisions\/6452"}],"up":[{"embeddable":true,"href":"https:\/\/ssps-backup.200.solutions\/index.php?rest_route=\/wp\/v2\/pages\/154"}],"wp:attachment":[{"href":"https:\/\/ssps-backup.200.solutions\/index.php?rest_route=%2Fwp%2Fv2%2Fmedia&parent=6450"}],"curies":[{"name":"wp","href":"https:\/\/api.w.org\/{rel}","templated":true}]}}