{"id":6425,"date":"2024-08-30T11:00:37","date_gmt":"2024-08-30T09:00:37","guid":{"rendered":"https:\/\/ssps-backup.200.solutions\/?page_id=6425"},"modified":"2025-12-12T10:42:20","modified_gmt":"2025-12-12T09:42:20","slug":"cesky-jazyk-k-jpz","status":"publish","type":"page","link":"https:\/\/ssps-backup.200.solutions\/?page_id=6425","title":{"rendered":"\u010cesk\u00fd jazyk k JPZ"},"content":{"rendered":"\n<p>P\u0159\u00edpravn\u00fd kurz \u010desk\u00e9ho jazyka k JPZ V\u00e1m pom\u016f\u017ee z\u00edskat jistotu, kterou pot\u0159ebujete&nbsp;k&nbsp;\u00fasp\u011b\u0161n\u00e9mu slo\u017een\u00ed p\u0159ij\u00edmac\u00edch zkou\u0161ek. Srozumitelnou a efektivn\u00ed formou&nbsp;V\u00e1s provedeme v\u0161emi kl\u00ed\u010dov\u00fdmi oblastmi \u2013 gramatikou, literaturou, pravopisem i slohem. Lekce prob\u00edhaj\u00ed v p\u0159\u00e1telsk\u00e9 atmosf\u00e9\u0159e.&nbsp;Projdeme spole\u010dn\u011b nej\u00fa\u010dinn\u011bj\u0161\u00ed strategie a tak\u00e9 se zam\u011b\u0159\u00edme na efektivn\u00ed dom\u00e1c\u00ed p\u0159\u00edpravu.&nbsp;V&nbsp;na\u0161ich kurzech vyu\u017e\u00edv\u00e1me&nbsp;neform\u00e1ln\u00edho vzd\u011bl\u00e1v\u00e1n\u00ed&nbsp;a vrstevnick\u00e9ho u\u010den\u00ed, kter\u00e9 pova\u017eujeme za kl\u00ed\u010d k co nejlep\u0161\u00edmu v\u00fdsledku uchaze\u010d\u016f, co\u017e vych\u00e1z\u00ed z na\u0161\u00ed zku\u0161enosti. Kdykoli budete m\u00edt n\u011bjakou ot\u00e1zku \u010di probl\u00e9m, m\u016f\u017eete se s na\u0161imi lektory poradit, pop\u0159\u00edpad\u011b jim napsat.&nbsp;<\/p>\n\n\n\n<p class=\"has-text-align-center has-white-color has-text-color has-background has-link-color wp-elements-8bc078ad09d21da9323b530abdfd84b0\" style=\"background-color:#0c5a89\">P\u0159ihl\u00e1\u0161ky pro \u0161koln\u00ed rok 2025\/2026 jsou spu\u0161t\u011bny <a style=\"color:white\" href=\"https:\/\/docs.google.com\/forms\/d\/e\/1FAIpQLSdxOebowIKcRMuAa_XNokDcbHarx-VfCszD2Zbs3J4hVlPk9w\/viewform\" rel=\"nofollow noopener\" target=\"_blank\">ZDE<\/a>.<\/p>\n\n\n\n<p class=\"has-text-align-center\">Je st\u00e1le mo\u017en\u00e9 se p\u0159ihl\u00e1sit i po za\u010d\u00e1tku kurzu. Ve\u0161ker\u00e9 dal\u0161\u00ed pokyny a informace obdr\u017e\u00edte emailem po odesl\u00e1n\u00ed p\u0159ihl\u00e1\u0161ky.<\/p>\n\n\n\n<hr class=\"wp-block-separator has-alpha-channel-opacity\"\/>\n\n\n\n<p><strong>Odpov\u011bdn\u00e1 osoba: <\/strong>Ing. Kate\u0159ina Kondr\u010d\u00edkov\u00e1<br><strong>Lekto\u0159i: <\/strong>Ond\u0159ej Kondr\u010d\u00edk, Martin Slez\u00e1k<br><strong>Email:<\/strong> ondrej.kondrcik@gmail.com<br><strong>Tel.: <\/strong>+420 602 462 770<br><strong>I\u010cO:<\/strong> 21984441<\/p>\n\n\n\n<div class=\"wp-block-file\"><a id=\"wp-block-file--media-b655d1af-0890-4116-bff5-c6cce4fb02f5\" href=\"https:\/\/ssps-backup.200.solutions\/wp-content\/uploads\/2025\/09\/web-letak-signed.pdf\">Let\u00e1k &#8211; \u010cJ &#8211; P\u0159ij\u00edma\u010dky<\/a><a href=\"https:\/\/ssps-backup.200.solutions\/wp-content\/uploads\/2025\/09\/web-letak-signed.pdf\" class=\"wp-block-file__button wp-element-button\" aria-describedby=\"wp-block-file--media-b655d1af-0890-4116-bff5-c6cce4fb02f5\" download>St\u00e1hnout<\/a><\/div>\n\n\n\n<hr class=\"wp-block-separator has-alpha-channel-opacity\"\/>\n\n\n\n<p class=\"has-text-align-center\">Kurzy prob\u00edhaj\u00ed v prostorech Sm\u00edchovsk\u00e9 st\u0159edn\u00ed pr\u016fmyslov\u00e9 \u0161koly a gymn\u00e1zia a jsou organizov\u00e1ny soukromou osobou.<\/p>\n\n\n\n<p><\/p>\n","protected":false},"excerpt":{"rendered":"<p>P\u0159\u00edpravn\u00fd kurz \u010desk\u00e9ho jazyka k JPZ V\u00e1m pom\u016f\u017ee z\u00edskat jistotu, kterou pot\u0159ebujete&nbsp;k&nbsp;\u00fasp\u011b\u0161n\u00e9mu slo\u017een\u00ed p\u0159ij\u00edmac\u00edch zkou\u0161ek&#8230;. <a href=\"https:\/\/ssps-backup.200.solutions\/?page_id=6425\" class=\"readmore\">Zobrazit v\u00edce<\/a><\/p>\n","protected":false},"author":14,"featured_media":0,"parent":1288,"menu_order":1,"comment_status":"closed","ping_status":"closed","template":"","meta":{"_acf_changed":false,"inline_featured_image":false,"footnotes":""},"class_list":["post-6425","page","type-page","status-publish","hentry"],"acf":[],"_links":{"self":[{"href":"https:\/\/ssps-backup.200.solutions\/index.php?rest_route=\/wp\/v2\/pages\/6425","targetHints":{"allow":["GET"]}}],"collection":[{"href":"https:\/\/ssps-backup.200.solutions\/index.php?rest_route=\/wp\/v2\/pages"}],"about":[{"href":"https:\/\/ssps-backup.200.solutions\/index.php?rest_route=\/wp\/v2\/types\/page"}],"author":[{"embeddable":true,"href":"https:\/\/ssps-backup.200.solutions\/index.php?rest_route=\/wp\/v2\/users\/14"}],"replies":[{"embeddable":true,"href":"https:\/\/ssps-backup.200.solutions\/index.php?rest_route=%2Fwp%2Fv2%2Fcomments&post=6425"}],"version-history":[{"count":14,"href":"https:\/\/ssps-backup.200.solutions\/index.php?rest_route=\/wp\/v2\/pages\/6425\/revisions"}],"predecessor-version":[{"id":7288,"href":"https:\/\/ssps-backup.200.solutions\/index.php?rest_route=\/wp\/v2\/pages\/6425\/revisions\/7288"}],"up":[{"embeddable":true,"href":"https:\/\/ssps-backup.200.solutions\/index.php?rest_route=\/wp\/v2\/pages\/1288"}],"wp:attachment":[{"href":"https:\/\/ssps-backup.200.solutions\/index.php?rest_route=%2Fwp%2Fv2%2Fmedia&parent=6425"}],"curies":[{"name":"wp","href":"https:\/\/api.w.org\/{rel}","templated":true}]}}