{"id":5865,"date":"2023-12-17T23:40:40","date_gmt":"2023-12-17T22:40:40","guid":{"rendered":"https:\/\/ssps-backup.200.solutions\/?page_id=5865"},"modified":"2025-11-27T23:40:01","modified_gmt":"2025-11-27T22:40:01","slug":"spolek-rodicu-a-pratel","status":"publish","type":"page","link":"https:\/\/ssps-backup.200.solutions\/?page_id=5865","title":{"rendered":"Spolek rodi\u010d\u016f a p\u0159\u00e1tel"},"content":{"rendered":"\n<p>Spolek rodi\u010d\u016f a p\u0159\u00e1tel pom\u00e1h\u00e1 \u0161kole p\u0159i pln\u011bn\u00ed jej\u00edho posl\u00e1n\u00ed, a to p\u0159edev\u0161\u00edm v oblastech, kde \u0161kola sama nem\u016f\u017ee nebo je to pro ni problematick\u00e9. Jedn\u00e1 se zejm\u00e9na o organizaci maturitn\u00edho a imatrikula\u010dn\u00edho plesu, provoz studentsk\u00e9ho klubu nebo finan\u010dn\u00ed podporu \u0159ady studentsk\u00fdch aktivit, mezi n\u011b\u017e pat\u0159\u00ed D\u00edv\u010d\u00ed spolek, Studentsk\u00e1 rada a mnoho dal\u0161\u00edch.<\/p>\n\n\n\n<p>Na \u010dlensk\u00e9 sch\u016fzi v pond\u011bl\u00ed 27. listopadu 2023 prob\u011bhlo zvolen\u00ed nov\u00fdch \u010dlen\u016f org\u00e1n\u016f, kte\u0159\u00ed v sou\u010dasn\u00e9 dob\u011b usilovn\u011b pracuj\u00ed na obnoven\u00ed \u010dinnosti spolk\u016f. Z\u00e1rove\u0148 do\u0161lo k schv\u00e1len\u00ed nov\u00fdch stanov, kter\u00e9 naleznete na port\u00e1lu <a href=\"https:\/\/or.justice.cz\/ias\/ui\/vypis-sl-detail?dokument=79449284&amp;subjektId=745600&amp;spis=330833\" rel=\"nofollow noopener\" target=\"_blank\">Justice<\/a>. M\u00e1te-li z\u00e1jem \u00fa\u010dastnit se \u010dlensk\u00fdch sch\u016fz\u00ed a aktivn\u011b se pod\u00edlet na \u010dinnosti spolku, vypl\u0148te <a href=\"https:\/\/ssps-backup.200.solutions\/wp-content\/uploads\/2023\/12\/prihlaska.docx\">p\u0159ihl\u00e1\u0161ku \u0159\u00e1dn\u00e9ho \u010dlena<\/a> a obra\u0165te se na v\u00fdbor spolku.<\/p>\n\n\n\n<p>Jm\u00e9nem SRP\u0160 jednaj\u00ed v\u017edy spole\u010dn\u011b alespo\u0148 2 \u010dlenov\u00e9 v\u00fdboru. V t\u00e9to souvislosti V\u00e1s \u017e\u00e1d\u00e1me, abyste p\u0159i zas\u00edl\u00e1n\u00ed e-mail\u016f zahrnuli v\u0161echny \u010dleny v\u00fdboru do kopie.<\/p>\n\n\n\n<p><strong>V\u00fdbor<\/strong><br>Ing. Kate\u0159ina Kondr\u010d\u00edkov\u00e1 &#8211;&nbsp;<a href=\"mailto:katerina.kondrcikova.srps@ssps-backup.200.solutions\">katerina.kondrcikova.srps@ssps-backup.200.solutions<\/a><br>Dipl.Ing. Zden\u011bk Ro\u017e\u00e1nek &#8211;&nbsp;<a href=\"mailto:zdenek.rozanek.srps@ssps-backup.200.solutions\">zdenek.rozanek.srps@ssps-backup.200.solutions<\/a><br>Jan Koudelka &#8211; <a href=\"mailto:jan.koudelka.srps@ssps-backup.200.solutions\">jan.koudelka.srps@ssps-backup.200.solutions<\/a><\/p>\n\n\n\n<p><strong>Kontroln\u00ed komise<\/strong><\/p>\n\n\n\n<p>Petr Koudelka &#8211;&nbsp;<a href=\"mailto:koudelkap@gmail.com\">koudelkap@gmail.com<\/a><br>Mgr. Ji\u0159\u00ed Svoboda &#8211;&nbsp;<a href=\"mailto:jirka.svoboda@volny.cz\">jirka.svoboda@volny.cz<\/a><br>Adrian Simonides &#8211;&nbsp;<a href=\"mailto:adrian.simonides@ssps-backup.200.solutions\">adrian.simonides@ssps-backup.200.solutions<\/a><br><br><strong>Faktura\u010dn\u00ed \u00fadaje<\/strong><br>N\u00e1zev: Spolek rodi\u010d\u016f a p\u0159\u00e1tel Sm\u00edchovsk\u00e9 st\u0159edn\u00ed pr\u016fmyslov\u00e9 \u0161koly a gymn\u00e1zia, z.s.<br>S\u00eddlo: Preslova 72\/25, Sm\u00edchov, 150 00 Praha<br>Identifika\u010dn\u00ed \u010d\u00edslo: 67984037<br>Bankovn\u00ed \u00fa\u010det: <a href=\"https:\/\/www.kb.cz\/cs\/transparentni-ucty\/115-4105460247\" rel=\"nofollow noopener\" target=\"_blank\">115-4105460247\/0100<\/a><\/p>\n\n\n\n<div class=\"wp-block-file\"><a id=\"wp-block-file--media-075f1576-c503-4de6-855f-53cb822af1b3\" href=\"https:\/\/ssps-backup.200.solutions\/wp-content\/uploads\/2024\/11\/Spolek-rodicu-a-pratel-SSPSaG-shrnuti-cinnosti-za-2023_24.pdf\">Spolek rodi\u010d\u016f a p\u0159\u00e1tel SSP\u0160aG &#8211; shrnut\u00ed \u010dinnosti za rok 2023\/2024<\/a><a href=\"https:\/\/ssps-backup.200.solutions\/wp-content\/uploads\/2024\/11\/Spolek-rodicu-a-pratel-SSPSaG-shrnuti-cinnosti-za-2023_24.pdf\" class=\"wp-block-file__button wp-element-button\" aria-describedby=\"wp-block-file--media-075f1576-c503-4de6-855f-53cb822af1b3\" download>St\u00e1hnout<\/a><\/div>\n\n\n\n<div class=\"wp-block-file\"><a id=\"wp-block-file--media-19d177f2-61c3-48b3-927d-44bf0e5e6171\" href=\"https:\/\/ssps-backup.200.solutions\/wp-content\/uploads\/2024\/12\/Rozpocet-za-2023-24-a-plan-na-2024-25.pdf\">Shrnut\u00ed hospoda\u0159en\u00ed za rok 2023\/2024 a rozpo\u010det na rok 2024\/2025<\/a><a href=\"https:\/\/ssps-backup.200.solutions\/wp-content\/uploads\/2024\/12\/Rozpocet-za-2023-24-a-plan-na-2024-25.pdf\" class=\"wp-block-file__button wp-element-button\" aria-describedby=\"wp-block-file--media-19d177f2-61c3-48b3-927d-44bf0e5e6171\" download>St\u00e1hnout<\/a><\/div>\n\n\n\n<div class=\"wp-block-file\"><a id=\"wp-block-file--media-09ee4c6f-243a-45e4-92de-f42f1278f0d6\" href=\"https:\/\/ssps-backup.200.solutions\/wp-content\/uploads\/2025\/11\/Spolek-rodicu-a-pratel-SSPS-shrnuti-cinnosti-za-2024_25.pdf\">Shrnut\u00ed \u010dinnosti za \u0161koln\u00ed rok 2024\/2025<\/a><a href=\"https:\/\/ssps-backup.200.solutions\/wp-content\/uploads\/2025\/11\/Spolek-rodicu-a-pratel-SSPS-shrnuti-cinnosti-za-2024_25.pdf\" class=\"wp-block-file__button wp-element-button\" aria-describedby=\"wp-block-file--media-09ee4c6f-243a-45e4-92de-f42f1278f0d6\" download>St\u00e1hnout<\/a><\/div>\n\n\n\n<div class=\"wp-block-file\"><a id=\"wp-block-file--media-009919d1-4466-43cb-9ac5-26af4edfc305\" href=\"https:\/\/ssps-backup.200.solutions\/wp-content\/uploads\/2025\/11\/Spolek-rodicu-a-pratel-SSPS-Hospodareni-2024_25-rozpocet-2025-26.pdf\">Shrnut\u00ed hospoda\u0159en\u00ed za rok 2024\/2025 a rozpo\u010det na rok 2025\/2026<\/a><a href=\"https:\/\/ssps-backup.200.solutions\/wp-content\/uploads\/2025\/11\/Spolek-rodicu-a-pratel-SSPS-Hospodareni-2024_25-rozpocet-2025-26.pdf\" class=\"wp-block-file__button wp-element-button\" aria-describedby=\"wp-block-file--media-009919d1-4466-43cb-9ac5-26af4edfc305\" download>St\u00e1hnout<\/a><\/div>\n\n\n\n<hr class=\"wp-block-separator has-alpha-channel-opacity\"\/>\n\n\n\n<p class=\"has-text-align-center\">M\u00e1\u0161 n\u00e1pad? Vypl\u0148 n\u00e1m <a href=\"https:\/\/forms.gle\/8uPzKy2WMh2J37fBA\" rel=\"nofollow noopener\" target=\"_blank\">FORMUL\u00c1\u0158<\/a> se sv\u00fdm projektov\u00fdm z\u00e1m\u011brem a z\u00edskej financov\u00e1n\u00ed!!!<\/p>\n\n\n\n<hr class=\"wp-block-separator has-alpha-channel-opacity\"\/>\n\n\n\n<p class=\"has-text-align-center has-white-color has-text-color has-background has-link-color wp-elements-9a092183ddb39171916e163b5d439f50\" style=\"background-color:#0c5a89\"><strong>Ro\u010dn\u00ed \u010dlensk\u00fd p\u0159\u00edsp\u011bvek:<\/strong><br>1000 K\u010d<\/p>\n\n\n<div class=\"wp-block-image\">\n<figure class=\"aligncenter size-full is-resized\"><img fetchpriority=\"high\" decoding=\"async\" width=\"264\" height=\"262\" src=\"https:\/\/ssps-backup.200.solutions\/wp-content\/uploads\/2024\/09\/qr_spolek.png\" alt=\"\" class=\"wp-image-6441\" style=\"width:264px;height:auto\" srcset=\"https:\/\/ssps-backup.200.solutions\/wp-content\/uploads\/2024\/09\/qr_spolek.png 264w, https:\/\/ssps-backup.200.solutions\/wp-content\/uploads\/2024\/09\/qr_spolek-150x150.png 150w\" sizes=\"(max-width: 264px) 100vw, 264px\" \/><figcaption class=\"wp-element-caption\"><em>Nezapome\u0148te uv\u00e9st jm\u00e9no, p\u0159\u00edjmen\u00ed a t\u0159\u00eddu studenta.<\/em><\/figcaption><\/figure>\n<\/div>","protected":false},"excerpt":{"rendered":"<p>Spolek rodi\u010d\u016f a p\u0159\u00e1tel pom\u00e1h\u00e1 \u0161kole p\u0159i pln\u011bn\u00ed jej\u00edho posl\u00e1n\u00ed, a to p\u0159edev\u0161\u00edm v oblastech,&#8230; <a href=\"https:\/\/ssps-backup.200.solutions\/?page_id=5865\" class=\"readmore\">Zobrazit v\u00edce<\/a><\/p>\n","protected":false},"author":14,"featured_media":0,"parent":189,"menu_order":1,"comment_status":"closed","ping_status":"closed","template":"","meta":{"_acf_changed":false,"inline_featured_image":false,"footnotes":""},"class_list":["post-5865","page","type-page","status-publish","hentry"],"acf":[],"_links":{"self":[{"href":"https:\/\/ssps-backup.200.solutions\/index.php?rest_route=\/wp\/v2\/pages\/5865","targetHints":{"allow":["GET"]}}],"collection":[{"href":"https:\/\/ssps-backup.200.solutions\/index.php?rest_route=\/wp\/v2\/pages"}],"about":[{"href":"https:\/\/ssps-backup.200.solutions\/index.php?rest_route=\/wp\/v2\/types\/page"}],"author":[{"embeddable":true,"href":"https:\/\/ssps-backup.200.solutions\/index.php?rest_route=\/wp\/v2\/users\/14"}],"replies":[{"embeddable":true,"href":"https:\/\/ssps-backup.200.solutions\/index.php?rest_route=%2Fwp%2Fv2%2Fcomments&post=5865"}],"version-history":[{"count":13,"href":"https:\/\/ssps-backup.200.solutions\/index.php?rest_route=\/wp\/v2\/pages\/5865\/revisions"}],"predecessor-version":[{"id":7282,"href":"https:\/\/ssps-backup.200.solutions\/index.php?rest_route=\/wp\/v2\/pages\/5865\/revisions\/7282"}],"up":[{"embeddable":true,"href":"https:\/\/ssps-backup.200.solutions\/index.php?rest_route=\/wp\/v2\/pages\/189"}],"wp:attachment":[{"href":"https:\/\/ssps-backup.200.solutions\/index.php?rest_route=%2Fwp%2Fv2%2Fmedia&parent=5865"}],"curies":[{"name":"wp","href":"https:\/\/api.w.org\/{rel}","templated":true}]}}