{"id":5516,"date":"2023-09-11T16:15:37","date_gmt":"2023-09-11T14:15:37","guid":{"rendered":"https:\/\/ssps-backup.200.solutions\/?page_id=5516"},"modified":"2025-11-14T15:23:05","modified_gmt":"2025-11-14T14:23:05","slug":"prijimacky-nanecisto","status":"publish","type":"page","link":"https:\/\/ssps-backup.200.solutions\/?page_id=5516","title":{"rendered":"P\u0159ij\u00edma\u010dky Nane\u010disto!"},"content":{"rendered":"\n<p>Pro uchaze\u010de o studium na na\u0161\u00ed \u0161kole jsme si p\u0159ipravili dal\u0161\u00ed term\u00edny p\u0159ij\u00edmac\u00edch test\u016f nane\u010disto. P\u0159ij\u00edma\u010dky Nane\u010disto maj\u00ed za \u00fa\u010delem d\u00e1t student\u016fm prostor a mo\u017enost vyzkou\u0161et si ostrou zkou\u0161ku v realit\u011b a b\u00fdt tak p\u0159ipraven na to, co V\u00e1s u zkou\u0161ek m\u016f\u017ee potkat. Na na\u0161\u00ed \u0161kole si k tomu je\u0161t\u011b m\u016f\u017eete vyzkou\u0161et IT, KB \u010di OSP testy nav\u00edc, kter\u00e9 jsou sou\u010d\u00e1st\u00ed p\u0159ij\u00edmac\u00edho \u0159\u00edzen\u00ed na na\u0161i \u0161kolu. Vypsan\u00e9 term\u00edny a podrobn\u00e9 informace naleznete v&nbsp;p\u0159ihl\u00e1\u0161ce n\u00ed\u017ee:<\/p>\n\n\n\n<p class=\"has-text-align-center has-white-color has-text-color has-background has-link-color wp-elements-e42dbf653c1b870bb65cec5f5dc60919\" style=\"background-color:#0c5a89\">P\u0159ihl\u00e1\u0161ku na P\u0159ij\u00edma\u010dky Nane\u010disto naleznete <a href=\"https:\/\/forms.gle\/Qf8rZczmSF5o3R2v5\" rel=\"nofollow noopener\" target=\"_blank\">ZDE<\/a>.<\/p>\n\n\n\n<p><strong>Term\u00edny:<\/strong> 14.12.2025; 25.01., 22.02., 22.03., 06.04.2026<br><strong>Organiz\u00e1tor: <\/strong>Jan Kratochv\u00edle<br><strong>Email:<\/strong>\u00a0<a href=\"mailto:jan.kratochvile@ssps-backup.200.solutions\">jan.kratochvile@ssps-backup.200.solutions<\/a><br><strong>Telefon:<\/strong>\u00a0<a href=\"tel:+420723714223\">+420\u00a0723\u00a0714\u00a0223<\/a><br><strong>Cena:<\/strong>\u00a0590 K\u010d<\/p>\n\n\n\n<p class=\"has-text-align-center\">V&nbsp;p\u0159\u00edpad\u011b pot\u0159eby n\u00e1s pros\u00edm kontaktujte na v\u00fd\u0161e uveden\u00fd email \u010di telefonicky.<\/p>\n","protected":false},"excerpt":{"rendered":"<p>Pro uchaze\u010de o studium na na\u0161\u00ed \u0161kole jsme si p\u0159ipravili dal\u0161\u00ed term\u00edny p\u0159ij\u00edmac\u00edch test\u016f nane\u010disto&#8230;. <a href=\"https:\/\/ssps-backup.200.solutions\/?page_id=5516\" class=\"readmore\">Zobrazit v\u00edce<\/a><\/p>\n","protected":false},"author":14,"featured_media":0,"parent":1288,"menu_order":2,"comment_status":"closed","ping_status":"closed","template":"","meta":{"_acf_changed":false,"inline_featured_image":false,"footnotes":""},"class_list":["post-5516","page","type-page","status-publish","hentry"],"acf":[],"_links":{"self":[{"href":"https:\/\/ssps-backup.200.solutions\/index.php?rest_route=\/wp\/v2\/pages\/5516","targetHints":{"allow":["GET"]}}],"collection":[{"href":"https:\/\/ssps-backup.200.solutions\/index.php?rest_route=\/wp\/v2\/pages"}],"about":[{"href":"https:\/\/ssps-backup.200.solutions\/index.php?rest_route=\/wp\/v2\/types\/page"}],"author":[{"embeddable":true,"href":"https:\/\/ssps-backup.200.solutions\/index.php?rest_route=\/wp\/v2\/users\/14"}],"replies":[{"embeddable":true,"href":"https:\/\/ssps-backup.200.solutions\/index.php?rest_route=%2Fwp%2Fv2%2Fcomments&post=5516"}],"version-history":[{"count":15,"href":"https:\/\/ssps-backup.200.solutions\/index.php?rest_route=\/wp\/v2\/pages\/5516\/revisions"}],"predecessor-version":[{"id":7267,"href":"https:\/\/ssps-backup.200.solutions\/index.php?rest_route=\/wp\/v2\/pages\/5516\/revisions\/7267"}],"up":[{"embeddable":true,"href":"https:\/\/ssps-backup.200.solutions\/index.php?rest_route=\/wp\/v2\/pages\/1288"}],"wp:attachment":[{"href":"https:\/\/ssps-backup.200.solutions\/index.php?rest_route=%2Fwp%2Fv2%2Fmedia&parent=5516"}],"curies":[{"name":"wp","href":"https:\/\/api.w.org\/{rel}","templated":true}]}}