{"id":517,"date":"2020-08-12T11:50:13","date_gmt":"2020-08-12T09:50:13","guid":{"rendered":"http:\/\/ssps.200solutions.com\/?page_id=517"},"modified":"2020-09-27T22:02:56","modified_gmt":"2020-09-27T20:02:56","slug":"pevnost-terezin","status":"publish","type":"page","link":"https:\/\/ssps-backup.200.solutions\/?page_id=517","title":{"rendered":"Projekt &#8222;Pevnost Terez\u00edn&#8220;"},"content":{"rendered":"\n<p>P\u0159i otev\u00edr\u00e1n\u00ed deta\u0161ovan\u00e9ho pracovi\u0161t\u011b Sm\u00edchovsk\u00e9 SP\u0160 v Terez\u00edn\u011b upoutala virtu\u00e1ln\u00ed prohl\u00eddka koncentra\u010dn\u00edch t\u00e1bor\u016f Auschwitz I. a Auschwitz II. \u2013 Birkenau \u010dleny m\u00edstn\u00edho sdru\u017een\u00ed \u201eTerez\u00edn \u2013 m\u011bsto zm\u011bny\u201c, kter\u00e9 p\u0159izvalo Sm\u00edchovskou SP\u0160 do sv\u00e9ho projektu financovan\u00e9ho z evropsk\u00e9ho Opera\u010dn\u00edho programu V\u00fdzkum, v\u00fdvoj a vzd\u011bl\u00e1v\u00e1n\u00ed (OP VVV). Od \u010dervna 2018 tak je po dobu t\u0159\u00ed let Sm\u00edchovsk\u00e1 SP\u0160 partnerem tohoto projektu. V r\u00e1mci n\u011bho studenti ve \u0161koln\u00edm roce 2018\/2019 pod dohledem u\u010ditele Igora \u017dmajla vytv\u00e1\u0159eli virtu\u00e1ln\u00ed prohl\u00eddku Velk\u00e9 pevnosti Terez\u00edn z roku 1800. A dal\u0161\u00ed studenti v tom pokra\u010dovali i ve \u0161koln\u00edm roce 2019\/2020, na modelu pracovalo \u010dtrn\u00e1ct student\u016f v r\u00e1mci Maturitn\u00edch projekt\u016f.<\/p>\n\n\n\n<p>Projekt Terez\u00edn zaujal i \u0161t\u00e1b \u010cesk\u00e9 televize, byla o n\u011bm nato\u010dena report\u00e1\u017e a byl i zm\u00edn\u011bn v hlavn\u00edm celost\u00e1tn\u00edm ve\u010dern\u00edm zpravodajstv\u00ed.\u00a0<\/p>\n","protected":false},"excerpt":{"rendered":"<p>P\u0159i otev\u00edr\u00e1n\u00ed deta\u0161ovan\u00e9ho pracovi\u0161t\u011b Sm\u00edchovsk\u00e9 SP\u0160 v Terez\u00edn\u011b upoutala virtu\u00e1ln\u00ed prohl\u00eddka koncentra\u010dn\u00edch t\u00e1bor\u016f Auschwitz I&#8230;. <a href=\"https:\/\/ssps-backup.200.solutions\/?page_id=517\" class=\"readmore\">Zobrazit v\u00edce<\/a><\/p>\n","protected":false},"author":14,"featured_media":0,"parent":485,"menu_order":0,"comment_status":"closed","ping_status":"closed","template":"","meta":{"_acf_changed":false,"inline_featured_image":false,"footnotes":""},"class_list":["post-517","page","type-page","status-publish","hentry"],"acf":[],"_links":{"self":[{"href":"https:\/\/ssps-backup.200.solutions\/index.php?rest_route=\/wp\/v2\/pages\/517","targetHints":{"allow":["GET"]}}],"collection":[{"href":"https:\/\/ssps-backup.200.solutions\/index.php?rest_route=\/wp\/v2\/pages"}],"about":[{"href":"https:\/\/ssps-backup.200.solutions\/index.php?rest_route=\/wp\/v2\/types\/page"}],"author":[{"embeddable":true,"href":"https:\/\/ssps-backup.200.solutions\/index.php?rest_route=\/wp\/v2\/users\/14"}],"replies":[{"embeddable":true,"href":"https:\/\/ssps-backup.200.solutions\/index.php?rest_route=%2Fwp%2Fv2%2Fcomments&post=517"}],"version-history":[{"count":1,"href":"https:\/\/ssps-backup.200.solutions\/index.php?rest_route=\/wp\/v2\/pages\/517\/revisions"}],"predecessor-version":[{"id":850,"href":"https:\/\/ssps-backup.200.solutions\/index.php?rest_route=\/wp\/v2\/pages\/517\/revisions\/850"}],"up":[{"embeddable":true,"href":"https:\/\/ssps-backup.200.solutions\/index.php?rest_route=\/wp\/v2\/pages\/485"}],"wp:attachment":[{"href":"https:\/\/ssps-backup.200.solutions\/index.php?rest_route=%2Fwp%2Fv2%2Fmedia&parent=517"}],"curies":[{"name":"wp","href":"https:\/\/api.w.org\/{rel}","templated":true}]}}