{"id":501,"date":"2020-08-12T11:47:49","date_gmt":"2020-08-12T09:47:49","guid":{"rendered":"http:\/\/ssps.200solutions.com\/?page_id=501"},"modified":"2022-12-18T20:54:05","modified_gmt":"2022-12-18T19:54:05","slug":"mazaci-tramvaj","status":"publish","type":"page","link":"https:\/\/ssps-backup.200.solutions\/?page_id=501","title":{"rendered":"Mazac\u00ed tramvaj"},"content":{"rendered":"\n<p>IoT projekt, v r\u00e1mci kter\u00e9ho na\u0161i studenti ve spoluprac\u00ed s na\u0161imi soci\u00e1ln\u00edmi partnery vytvo\u0159ili syst\u00e9m k neust\u00e1l\u00e9mu sledov\u00e1n\u00ed ovzdu\u0161\u00ed na \u00fazem\u00ed Prahy.<br><strong>Vedouc\u00ed t\u00fdmu:  <\/strong>Jan Tesa\u0159 (jan.tesar@ssps-backup.200.solutions)<\/p>\n\n\n\n<figure class=\"wp-block-image size-large\"><img fetchpriority=\"high\" decoding=\"async\" width=\"1024\" height=\"576\" src=\"https:\/\/ssps-backup.200.solutions\/wp-content\/uploads\/2020\/12\/image-1024x576.png\" alt=\"\" class=\"wp-image-1170\" srcset=\"https:\/\/ssps-backup.200.solutions\/wp-content\/uploads\/2020\/12\/image-1024x576.png 1024w, https:\/\/ssps-backup.200.solutions\/wp-content\/uploads\/2020\/12\/image-300x169.png 300w, https:\/\/ssps-backup.200.solutions\/wp-content\/uploads\/2020\/12\/image-768x432.png 768w, https:\/\/ssps-backup.200.solutions\/wp-content\/uploads\/2020\/12\/image.png 1453w\" sizes=\"(max-width: 1024px) 100vw, 1024px\" \/><\/figure>\n\n\n\n<figure class=\"wp-block-image size-large\"><img decoding=\"async\" width=\"1024\" height=\"498\" src=\"https:\/\/ssps-backup.200.solutions\/wp-content\/uploads\/2020\/09\/20200528_112957-1024x498.jpg\" alt=\"\" class=\"wp-image-899\" srcset=\"https:\/\/ssps-backup.200.solutions\/wp-content\/uploads\/2020\/09\/20200528_112957-1024x498.jpg 1024w, https:\/\/ssps-backup.200.solutions\/wp-content\/uploads\/2020\/09\/20200528_112957-300x146.jpg 300w, https:\/\/ssps-backup.200.solutions\/wp-content\/uploads\/2020\/09\/20200528_112957-768x373.jpg 768w, https:\/\/ssps-backup.200.solutions\/wp-content\/uploads\/2020\/09\/20200528_112957-1536x747.jpg 1536w, https:\/\/ssps-backup.200.solutions\/wp-content\/uploads\/2020\/09\/20200528_112957.jpg 1827w\" sizes=\"(max-width: 1024px) 100vw, 1024px\" \/><\/figure>\n","protected":false},"excerpt":{"rendered":"<p>IoT projekt, v r\u00e1mci kter\u00e9ho na\u0161i studenti ve spoluprac\u00ed s na\u0161imi soci\u00e1ln\u00edmi partnery vytvo\u0159ili syst\u00e9m&#8230; <a href=\"https:\/\/ssps-backup.200.solutions\/?page_id=501\" class=\"readmore\">Zobrazit v\u00edce<\/a><\/p>\n","protected":false},"author":14,"featured_media":0,"parent":156,"menu_order":3,"comment_status":"closed","ping_status":"closed","template":"","meta":{"_acf_changed":false,"inline_featured_image":false,"footnotes":""},"class_list":["post-501","page","type-page","status-publish","hentry"],"acf":[],"_links":{"self":[{"href":"https:\/\/ssps-backup.200.solutions\/index.php?rest_route=\/wp\/v2\/pages\/501","targetHints":{"allow":["GET"]}}],"collection":[{"href":"https:\/\/ssps-backup.200.solutions\/index.php?rest_route=\/wp\/v2\/pages"}],"about":[{"href":"https:\/\/ssps-backup.200.solutions\/index.php?rest_route=\/wp\/v2\/types\/page"}],"author":[{"embeddable":true,"href":"https:\/\/ssps-backup.200.solutions\/index.php?rest_route=\/wp\/v2\/users\/14"}],"replies":[{"embeddable":true,"href":"https:\/\/ssps-backup.200.solutions\/index.php?rest_route=%2Fwp%2Fv2%2Fcomments&post=501"}],"version-history":[{"count":4,"href":"https:\/\/ssps-backup.200.solutions\/index.php?rest_route=\/wp\/v2\/pages\/501\/revisions"}],"predecessor-version":[{"id":4598,"href":"https:\/\/ssps-backup.200.solutions\/index.php?rest_route=\/wp\/v2\/pages\/501\/revisions\/4598"}],"up":[{"embeddable":true,"href":"https:\/\/ssps-backup.200.solutions\/index.php?rest_route=\/wp\/v2\/pages\/156"}],"wp:attachment":[{"href":"https:\/\/ssps-backup.200.solutions\/index.php?rest_route=%2Fwp%2Fv2%2Fmedia&parent=501"}],"curies":[{"name":"wp","href":"https:\/\/api.w.org\/{rel}","templated":true}]}}