{"id":2185,"date":"2021-06-21T05:47:54","date_gmt":"2021-06-21T03:47:54","guid":{"rendered":"https:\/\/ssps-backup.200.solutions\/?page_id=2185"},"modified":"2023-08-09T04:02:18","modified_gmt":"2023-08-09T02:02:18","slug":"vnitrni-predpisy","status":"publish","type":"page","link":"https:\/\/ssps-backup.200.solutions\/?page_id=2185","title":{"rendered":"Vnit\u0159n\u00ed p\u0159edpisy"},"content":{"rendered":"\n<p>\u0160koln\u00ed a klasifika\u010dn\u00ed \u0159\u00e1d v\u010detn\u011b vzoru univerz\u00e1ln\u00ed \u017e\u00e1dosti naleznete <a href=\"https:\/\/ssps-backup.200.solutions\/kontakt\/dokumenty-ke-stazeni\/\">zde<\/a>.<\/p>\n\n\n\n<p>P\u0159edpisy a harmonogramy upravuj\u00edc\u00ed postup u maturitn\u00edch zkou\u0161ek naleznete <a href=\"https:\/\/ssps-backup.200.solutions\/studenti\/maturitni-zkousky\/\">zde<\/a>.<\/p>\n","protected":false},"excerpt":{"rendered":"<p>\u0160koln\u00ed a klasifika\u010dn\u00ed \u0159\u00e1d v\u010detn\u011b vzoru univerz\u00e1ln\u00ed \u017e\u00e1dosti naleznete zde. P\u0159edpisy a harmonogramy upravuj\u00edc\u00ed postup&#8230; <a href=\"https:\/\/ssps-backup.200.solutions\/?page_id=2185\" class=\"readmore\">Zobrazit v\u00edce<\/a><\/p>\n","protected":false},"author":14,"featured_media":0,"parent":189,"menu_order":11,"comment_status":"closed","ping_status":"closed","template":"","meta":{"_acf_changed":false,"inline_featured_image":false,"footnotes":""},"class_list":["post-2185","page","type-page","status-publish","hentry"],"acf":[],"_links":{"self":[{"href":"https:\/\/ssps-backup.200.solutions\/index.php?rest_route=\/wp\/v2\/pages\/2185","targetHints":{"allow":["GET"]}}],"collection":[{"href":"https:\/\/ssps-backup.200.solutions\/index.php?rest_route=\/wp\/v2\/pages"}],"about":[{"href":"https:\/\/ssps-backup.200.solutions\/index.php?rest_route=\/wp\/v2\/types\/page"}],"author":[{"embeddable":true,"href":"https:\/\/ssps-backup.200.solutions\/index.php?rest_route=\/wp\/v2\/users\/14"}],"replies":[{"embeddable":true,"href":"https:\/\/ssps-backup.200.solutions\/index.php?rest_route=%2Fwp%2Fv2%2Fcomments&post=2185"}],"version-history":[{"count":2,"href":"https:\/\/ssps-backup.200.solutions\/index.php?rest_route=\/wp\/v2\/pages\/2185\/revisions"}],"predecessor-version":[{"id":2187,"href":"https:\/\/ssps-backup.200.solutions\/index.php?rest_route=\/wp\/v2\/pages\/2185\/revisions\/2187"}],"up":[{"embeddable":true,"href":"https:\/\/ssps-backup.200.solutions\/index.php?rest_route=\/wp\/v2\/pages\/189"}],"wp:attachment":[{"href":"https:\/\/ssps-backup.200.solutions\/index.php?rest_route=%2Fwp%2Fv2%2Fmedia&parent=2185"}],"curies":[{"name":"wp","href":"https:\/\/api.w.org\/{rel}","templated":true}]}}