{"id":178,"date":"2020-07-30T16:50:01","date_gmt":"2020-07-30T14:50:01","guid":{"rendered":"http:\/\/ssps\/web\/?page_id=178"},"modified":"2025-08-29T10:22:46","modified_gmt":"2025-08-29T08:22:46","slug":"studentska-rada","status":"publish","type":"page","link":"https:\/\/ssps-backup.200.solutions\/?page_id=178","title":{"rendered":"Studentsk\u00e1 a \u0161kolsk\u00e1 rada"},"content":{"rendered":"\n<h2 class=\"wp-block-heading has-text-align-center\"><strong>STUDENTSK\u00c1 RADA<\/strong><\/h2>\n\n\n\n<p>Pro zlep\u0161en\u00ed komunikace mezi studenty navz\u00e1jem a mezi studenty a veden\u00edm \u0161koly vznikla Studentsk\u00e1 rada. Studentsk\u00e1 rada sdru\u017euje v\u0161echny studenty Sm\u00edchovsk\u00e9 st\u0159edn\u00ed pr\u016fmyslov\u00e9 \u0161koly.&nbsp;<\/p>\n\n\n\n<p>Na u\u017e\u0161\u00edm jedn\u00e1n\u00ed Studentsk\u00e9 rady se sch\u00e1zej\u00ed z\u00e1stupci jednotliv\u00fdch t\u0159\u00edd, kter\u00fdmi jsou ve t\u0159\u00edd\u00e1ch zvolen\u00ed p\u0159edsedov\u00e9 t\u0159\u00edd. Ti tak\u00e9 vol\u00ed na sv\u00e9m zased\u00e1n\u00ed p\u0159edsedu Studentsk\u00e9 rady.&nbsp;<\/p>\n\n\n\n<p>P\u0159edseda Studentsk\u00e9 rady zastupuje Studentskou radu p\u0159i jedn\u00e1n\u00edch s veden\u00edm \u0161koly, Radou rodi\u010d\u016f a reprezentuje ji p\u0159i slavnostn\u00edch akc\u00edch.<\/p>\n\n\n\n<h3 class=\"wp-block-heading\">Sch\u016fze Studentsk\u00e9 rady<\/h3>\n\n\n\n<p>Sch\u016fze u\u017e\u0161\u00edho veden\u00ed Studentsk\u00e9 rady se konaj\u00ed p\u0159ibli\u017en\u011b jednou za m\u011bs\u00edc. \u00da\u010dastn\u00ed se jich p\u0159edsedov\u00e9 t\u0159\u00edd, svol\u00e1v\u00e1 ji a \u0159\u00edd\u00ed p\u0159edseda Studentsk\u00e9 rady, p\u0159\u00edtomn\u00fd je koordin\u00e1tor z \u0159ad pedagogick\u00e9ho sboru. Ze sch\u016fz\u00ed jsou po\u0159izov\u00e1ny z\u00e1pisy, kter\u00e9 jsou rozes\u00edl\u00e1ny z\u00e1stupc\u016fm t\u0159\u00edd, t\u0159\u00eddn\u00edm profesor\u016fm, veden\u00ed \u0161koly.&nbsp;<\/p>\n\n\n\n<p>Z\u00e1pisy jsou zve\u0159ej\u0148ov\u00e1ny na n\u00e1st\u011bnk\u00e1ch \u0161koly a na virtu\u00e1ln\u00ed \u0161kole v sekci Studentsk\u00e1 rada.<\/p>\n\n\n\n<h3 class=\"wp-block-heading\">P\u0159edseda Studentsk\u00e9 rady<\/h3>\n\n\n\n<p>Sou\u010dasn\u00fdm p\u0159edsedou Studentsk\u00e9 rady je\u00a0<strong>Mat\u011bj Kop\u0159iva<\/strong>.<\/p>\n\n\n\n<p>P\u0159edseda m\u00e1 za \u00fakol reprezentovat Studentskou radu, komunikovat s veden\u00edm \u0161koly a pravideln\u011b nav\u0161t\u011bvovat sch\u016fze Rady rodi\u010d\u016f, kde prezentuje pr\u00e1ci Studentsk\u00e9 rady a tlumo\u010d\u00ed n\u00e1zory student\u016f.<\/p>\n\n\n\n<h2 class=\"wp-block-heading has-text-align-center\"><strong>\u0160KOLSK\u00c1 RADA<\/strong><\/h2>\n\n\n\n<p>\u0160kolsk\u00e1 rada je org\u00e1n, kter\u00fd Sm\u00edchovsk\u00e1 st\u0159edn\u00ed pr\u016fmyslov\u00e1 \u0161kola a gymn\u00e1zium z\u0159izuje ze z\u00e1kona. Povinnost \u0161kol\u00e1m z\u0159\u00eddit \u0161kolskou radu ukl\u00e1d\u00e1 \u00a7 167 \u0161kolsk\u00e9ho z\u00e1kona. \u0160kolsk\u00e1 rada je sou\u010d\u00e1st\u00ed spr\u00e1vy \u0161koly v jej\u00edm u\u017e\u0161\u00edm vymezen\u00ed.<\/p>\n","protected":false},"excerpt":{"rendered":"<p>STUDENTSK\u00c1 RADA Pro zlep\u0161en\u00ed komunikace mezi studenty navz\u00e1jem a mezi studenty a veden\u00edm \u0161koly vznikla&#8230; <a href=\"https:\/\/ssps-backup.200.solutions\/?page_id=178\" class=\"readmore\">Zobrazit v\u00edce<\/a><\/p>\n","protected":false},"author":14,"featured_media":0,"parent":189,"menu_order":9,"comment_status":"closed","ping_status":"closed","template":"","meta":{"_acf_changed":false,"inline_featured_image":false,"footnotes":""},"class_list":["post-178","page","type-page","status-publish","hentry"],"acf":[],"_links":{"self":[{"href":"https:\/\/ssps-backup.200.solutions\/index.php?rest_route=\/wp\/v2\/pages\/178","targetHints":{"allow":["GET"]}}],"collection":[{"href":"https:\/\/ssps-backup.200.solutions\/index.php?rest_route=\/wp\/v2\/pages"}],"about":[{"href":"https:\/\/ssps-backup.200.solutions\/index.php?rest_route=\/wp\/v2\/types\/page"}],"author":[{"embeddable":true,"href":"https:\/\/ssps-backup.200.solutions\/index.php?rest_route=\/wp\/v2\/users\/14"}],"replies":[{"embeddable":true,"href":"https:\/\/ssps-backup.200.solutions\/index.php?rest_route=%2Fwp%2Fv2%2Fcomments&post=178"}],"version-history":[{"count":10,"href":"https:\/\/ssps-backup.200.solutions\/index.php?rest_route=\/wp\/v2\/pages\/178\/revisions"}],"predecessor-version":[{"id":7074,"href":"https:\/\/ssps-backup.200.solutions\/index.php?rest_route=\/wp\/v2\/pages\/178\/revisions\/7074"}],"up":[{"embeddable":true,"href":"https:\/\/ssps-backup.200.solutions\/index.php?rest_route=\/wp\/v2\/pages\/189"}],"wp:attachment":[{"href":"https:\/\/ssps-backup.200.solutions\/index.php?rest_route=%2Fwp%2Fv2%2Fmedia&parent=178"}],"curies":[{"name":"wp","href":"https:\/\/api.w.org\/{rel}","templated":true}]}}