{"id":174,"date":"2020-07-30T16:49:23","date_gmt":"2020-07-30T14:49:23","guid":{"rendered":"http:\/\/ssps\/web\/?page_id=174"},"modified":"2023-08-09T04:57:35","modified_gmt":"2023-08-09T02:57:35","slug":"vychovny-poradce","status":"publish","type":"page","link":"https:\/\/ssps-backup.200.solutions\/?page_id=174","title":{"rendered":"V\u00fdchovn\u00fd poradce"},"content":{"rendered":"\n<h3 class=\"wp-block-heading\">Kontakt<\/h3>\n\n\n\n<ul class=\"wp-block-list\">\n<li>Jm\u00e9no: <a href=\"https:\/\/ssps-backup.200.solutions\/ucitel\/zbysek-nechanicky\/\">Mgr. Zby\u0161ek Nechanick\u00fd<\/a><\/li>\n\n\n\n<li>kabinet \u010d. 316<\/li>\n\n\n\n<li>e-mail:\u00a0<a href=\"mailto:zbysek.nechanicky@ssps-backup.200.solutions\">zbysek.nechanicky@ssps-backup.200.solutions<\/a><\/li>\n\n\n\n<li>telefon do \u0161koly: 257 320 533<\/li>\n\n\n\n<li>mobiln\u00ed telefon: 777\u00a0355\u00a0140<\/li>\n<\/ul>\n\n\n\n<p>\u010cas na sjedn\u00e1n\u00ed sch\u016fzky: pond\u011bl\u00ed \u2013 \u010dtvrtek o hlavn\u00ed p\u0159est\u00e1vce 9,40 \u2013 10,00 (kabinet 316)<\/p>\n\n\n\n<hr class=\"wp-block-separator has-css-opacity\"\/>\n\n\n\n<h2 class=\"wp-block-heading\">Pedagogicko-psychologick\u00e1 poradna pro Prahu 5<\/h2>\n\n\n\n<ul class=\"wp-block-list\">\n<li>Kuncova 1580\/1, Praha 5 \u2013 Stod\u016flky<\/li>\n\n\n\n<li>Mgr. Olga Pa\u0159\u00edzkov\u00e1,<\/li>\n\n\n\n<li>Telefon: 251 611&nbsp;803<\/li>\n<\/ul>\n\n\n\n<div style=\"height:20px\" aria-hidden=\"true\" class=\"wp-block-spacer\"><\/div>\n\n\n\n<p><\/p>\n","protected":false},"excerpt":{"rendered":"<p>Kontakt \u010cas na sjedn\u00e1n\u00ed sch\u016fzky: pond\u011bl\u00ed \u2013 \u010dtvrtek o hlavn\u00ed p\u0159est\u00e1vce 9,40 \u2013 10,00 (kabinet&#8230; <a href=\"https:\/\/ssps-backup.200.solutions\/?page_id=174\" class=\"readmore\">Zobrazit v\u00edce<\/a><\/p>\n","protected":false},"author":14,"featured_media":0,"parent":189,"menu_order":8,"comment_status":"closed","ping_status":"closed","template":"","meta":{"_acf_changed":false,"inline_featured_image":false,"footnotes":""},"class_list":["post-174","page","type-page","status-publish","hentry"],"acf":[],"_links":{"self":[{"href":"https:\/\/ssps-backup.200.solutions\/index.php?rest_route=\/wp\/v2\/pages\/174","targetHints":{"allow":["GET"]}}],"collection":[{"href":"https:\/\/ssps-backup.200.solutions\/index.php?rest_route=\/wp\/v2\/pages"}],"about":[{"href":"https:\/\/ssps-backup.200.solutions\/index.php?rest_route=\/wp\/v2\/types\/page"}],"author":[{"embeddable":true,"href":"https:\/\/ssps-backup.200.solutions\/index.php?rest_route=\/wp\/v2\/users\/14"}],"replies":[{"embeddable":true,"href":"https:\/\/ssps-backup.200.solutions\/index.php?rest_route=%2Fwp%2Fv2%2Fcomments&post=174"}],"version-history":[{"count":8,"href":"https:\/\/ssps-backup.200.solutions\/index.php?rest_route=\/wp\/v2\/pages\/174\/revisions"}],"predecessor-version":[{"id":5418,"href":"https:\/\/ssps-backup.200.solutions\/index.php?rest_route=\/wp\/v2\/pages\/174\/revisions\/5418"}],"up":[{"embeddable":true,"href":"https:\/\/ssps-backup.200.solutions\/index.php?rest_route=\/wp\/v2\/pages\/189"}],"wp:attachment":[{"href":"https:\/\/ssps-backup.200.solutions\/index.php?rest_route=%2Fwp%2Fv2%2Fmedia&parent=174"}],"curies":[{"name":"wp","href":"https:\/\/api.w.org\/{rel}","templated":true}]}}