{"id":1265,"date":"2020-12-26T23:07:44","date_gmt":"2020-12-26T22:07:44","guid":{"rendered":"https:\/\/ssps-backup.200.solutions\/?page_id=1265"},"modified":"2025-06-04T16:15:32","modified_gmt":"2025-06-04T14:15:32","slug":"umela-inteligence","status":"publish","type":"page","link":"https:\/\/ssps-backup.200.solutions\/?page_id=1265","title":{"rendered":"Um\u011bl\u00e1 inteligence"},"content":{"rendered":"\n<p>V\u00a0prosinci 2020 se Sm\u00edchovsk\u00e1 SP\u0160 a gymn\u00e1zium stala \u010dlenem Academy AI, kdy n\u00e1klady na \u010dlenstv\u00ed hrad\u00ed z\u0159izovatel. Ten tak\u00e9 Sm\u00edchovskou SP\u0160 a gymn\u00e1zium vyzval, aby se stala pilotn\u00ed \u0161kolou pro zav\u00e1d\u011bn\u00ed v\u00fduky AI na pra\u017esk\u00e9 st\u0159edn\u00ed \u0161koly.<\/p>\n\n\n\n<p>C\u00edlem Sm\u00edchovsk\u00e9 SP\u0160 a gymn\u00e1zia nen\u00ed jen teoreticky vyu\u010dovat AI, ale chce se aktivn\u011b zapojit do jej\u00edho v\u00fdvoje. Proto \u0159editel <a href=\"https:\/\/ssps-backup.200.solutions\/ucitel\/radko-sablik\/\">Radko S\u00e1bl\u00edk<\/a> inicioval vznik Studentsk\u00e9ho t\u00fdmu pro rozvoj AI p\u0159i Sm\u00edchovsk\u00e9 SP\u0160 a gymn\u00e1ziu, kter\u00fd ji\u017e m\u00e1 nyn\u00ed deset \u010dlen\u016f, studenti jsou od prvn\u00edho do \u010dtvrt\u00e9ho ro\u010dn\u00edku. Je z\u00e1jem zapojit studenty jak do p\u0159\u00edprav nov\u00e9ho modulu v\u00fduky, tak do praktick\u00fdch projekt\u016f s&nbsp;t\u00edm spojen\u00fdch. K&nbsp;tomu je sl\u00edbena jak podpora Academy AI, tak i z\u0159izovatele.<\/p>\n\n\n\n<p><strong>Mo\u017en\u00e9 zapojen\u00ed student\u016f:<\/strong> studenti se mohou pod\u00edlet na p\u0159\u00edprav\u011b nov\u00e9ho v\u00fdukov\u00e9ho modulu i na konkr\u00e9tn\u00edch projektech, kter\u00e9 vzniknou i na z\u00e1klad\u011b jejich n\u00e1pad\u016f a n\u00e1vrh\u016f.<\/p>\n","protected":false},"excerpt":{"rendered":"<p>V\u00a0prosinci 2020 se Sm\u00edchovsk\u00e1 SP\u0160 a gymn\u00e1zium stala \u010dlenem Academy AI, kdy n\u00e1klady na \u010dlenstv\u00ed&#8230; <a href=\"https:\/\/ssps-backup.200.solutions\/?page_id=1265\" class=\"readmore\">Zobrazit v\u00edce<\/a><\/p>\n","protected":false},"author":14,"featured_media":0,"parent":154,"menu_order":0,"comment_status":"closed","ping_status":"closed","template":"","meta":{"_acf_changed":false,"inline_featured_image":false,"footnotes":""},"class_list":["post-1265","page","type-page","status-publish","hentry"],"acf":[],"_links":{"self":[{"href":"https:\/\/ssps-backup.200.solutions\/index.php?rest_route=\/wp\/v2\/pages\/1265","targetHints":{"allow":["GET"]}}],"collection":[{"href":"https:\/\/ssps-backup.200.solutions\/index.php?rest_route=\/wp\/v2\/pages"}],"about":[{"href":"https:\/\/ssps-backup.200.solutions\/index.php?rest_route=\/wp\/v2\/types\/page"}],"author":[{"embeddable":true,"href":"https:\/\/ssps-backup.200.solutions\/index.php?rest_route=\/wp\/v2\/users\/14"}],"replies":[{"embeddable":true,"href":"https:\/\/ssps-backup.200.solutions\/index.php?rest_route=%2Fwp%2Fv2%2Fcomments&post=1265"}],"version-history":[{"count":3,"href":"https:\/\/ssps-backup.200.solutions\/index.php?rest_route=\/wp\/v2\/pages\/1265\/revisions"}],"predecessor-version":[{"id":7008,"href":"https:\/\/ssps-backup.200.solutions\/index.php?rest_route=\/wp\/v2\/pages\/1265\/revisions\/7008"}],"up":[{"embeddable":true,"href":"https:\/\/ssps-backup.200.solutions\/index.php?rest_route=\/wp\/v2\/pages\/154"}],"wp:attachment":[{"href":"https:\/\/ssps-backup.200.solutions\/index.php?rest_route=%2Fwp%2Fv2%2Fmedia&parent=1265"}],"curies":[{"name":"wp","href":"https:\/\/api.w.org\/{rel}","templated":true}]}}