{"id":1245,"date":"2020-12-26T22:30:36","date_gmt":"2020-12-26T21:30:36","guid":{"rendered":"https:\/\/ssps-backup.200.solutions\/?page_id=1245"},"modified":"2021-03-16T14:19:53","modified_gmt":"2021-03-16T13:19:53","slug":"forestbit","status":"publish","type":"page","link":"https:\/\/ssps-backup.200.solutions\/?page_id=1245","title":{"rendered":"ForestBit"},"content":{"rendered":"\n<p>ForestBit s.r.o. je spole\u010dnost, zalo\u017een\u00e1 v roce 2018, zab\u00fdvaj\u00edc\u00ed se udr\u017eiteln\u00fdm rozvojem za pomoci technologick\u00fdch inovac\u00ed. Soust\u0159e\u010fuje pod sebe r\u016fzn\u00e9 inovativn\u00ed projekty.<\/p>\n\n\n\n<p>V sou\u010dasnosti pracuje na t\u0159ech velk\u00fdch projektech:<\/p>\n\n\n\n<ul class=\"wp-block-list\"><li>Pra\u017eskej sal\u00e1t (m\u011bstsk\u00e1 hydroponie)<\/li><li>CyberPack (etick\u00fd hacking)<\/li><li>Na\u0161e obec (technologick\u00e9 inovace pro obce pod 10. 000 obyvatel).<\/li><\/ul>\n\n\n\n<p><\/p>\n\n\n\n<p>Ve spole\u010dnosti na r\u016fzn\u00fdch \u00farovn\u00edch\u00a0pracuje n\u011bkolikero absolvent\u016f Sm\u00edchovsk\u00e9 SP\u0160, <a href=\"https:\/\/ssps-backup.200.solutions\/ucitel\/jan-tesar\/\">Jan Tesa\u0159<\/a>, <a href=\"https:\/\/ssps-backup.200.solutions\/ucitel\/michael-kalista\/\" data-type=\"URL\" data-id=\"https:\/\/ssps-backup.200.solutions\/ucitel\/michael-kalista\/\">Michael Kalista<\/a>, <a href=\"https:\/\/ssps-backup.200.solutions\/ucitel\/adam-pribyl\/\">Adam P\u0159ibyl<\/a>, <a href=\"https:\/\/ssps-backup.200.solutions\/ucitel\/filip-zika\/\">Filip Z\u00edka<\/a> a n\u011bkolik student\u016f Sm\u00edchovsk\u00e9 SP\u0160 a gymn\u00e1zia.<\/p>\n\n\n\n<p>V\u00edce informac\u00ed se dozv\u00edte na <a href=\"https:\/\/forestbit.cz\/\" rel=\"nofollow noopener\" target=\"_blank\">webov\u00fdch str\u00e1nk\u00e1ch<\/a> spole\u010dnosti.<\/p>\n","protected":false},"excerpt":{"rendered":"<p>ForestBit s.r.o. je spole\u010dnost, zalo\u017een\u00e1 v roce 2018, zab\u00fdvaj\u00edc\u00ed se udr\u017eiteln\u00fdm rozvojem za pomoci technologick\u00fdch&#8230; <a href=\"https:\/\/ssps-backup.200.solutions\/?page_id=1245\" class=\"readmore\">Zobrazit v\u00edce<\/a><\/p>\n","protected":false},"author":14,"featured_media":0,"parent":1236,"menu_order":0,"comment_status":"closed","ping_status":"closed","template":"","meta":{"_acf_changed":false,"inline_featured_image":false,"footnotes":""},"class_list":["post-1245","page","type-page","status-publish","hentry"],"acf":[],"_links":{"self":[{"href":"https:\/\/ssps-backup.200.solutions\/index.php?rest_route=\/wp\/v2\/pages\/1245","targetHints":{"allow":["GET"]}}],"collection":[{"href":"https:\/\/ssps-backup.200.solutions\/index.php?rest_route=\/wp\/v2\/pages"}],"about":[{"href":"https:\/\/ssps-backup.200.solutions\/index.php?rest_route=\/wp\/v2\/types\/page"}],"author":[{"embeddable":true,"href":"https:\/\/ssps-backup.200.solutions\/index.php?rest_route=\/wp\/v2\/users\/14"}],"replies":[{"embeddable":true,"href":"https:\/\/ssps-backup.200.solutions\/index.php?rest_route=%2Fwp%2Fv2%2Fcomments&post=1245"}],"version-history":[{"count":4,"href":"https:\/\/ssps-backup.200.solutions\/index.php?rest_route=\/wp\/v2\/pages\/1245\/revisions"}],"predecessor-version":[{"id":1814,"href":"https:\/\/ssps-backup.200.solutions\/index.php?rest_route=\/wp\/v2\/pages\/1245\/revisions\/1814"}],"up":[{"embeddable":true,"href":"https:\/\/ssps-backup.200.solutions\/index.php?rest_route=\/wp\/v2\/pages\/1236"}],"wp:attachment":[{"href":"https:\/\/ssps-backup.200.solutions\/index.php?rest_route=%2Fwp%2Fv2%2Fmedia&parent=1245"}],"curies":[{"name":"wp","href":"https:\/\/api.w.org\/{rel}","templated":true}]}}