{"id":1052,"date":"2020-10-29T09:03:31","date_gmt":"2020-10-29T08:03:31","guid":{"rendered":"https:\/\/ssps-backup.200.solutions\/?page_id=1052"},"modified":"2023-08-09T02:45:04","modified_gmt":"2023-08-09T00:45:04","slug":"granty","status":"publish","type":"page","link":"https:\/\/ssps-backup.200.solutions\/?page_id=1052","title":{"rendered":"Granty"},"content":{"rendered":"\n<p>Jsme \u010dast\u00fdm \u017eadatelem a p\u0159\u00edjemcem nejr\u016fzn\u011bj\u0161\u00edch grantov\u00fdch v\u00fdzev. <br>Ty aktu\u00e1ln\u011b prob\u00edhaj\u00edc\u00ed maj\u00ed svoji z\u00e1lo\u017eku v t\u00e9to sekci.<\/p>\n\n\n\n<div style=\"height:20px\" aria-hidden=\"true\" class=\"wp-block-spacer\"><\/div>\n\n\n\n<figure class=\"wp-block-gallery has-nested-images columns-default is-cropped wp-block-gallery-1 is-layout-flex wp-block-gallery-is-layout-flex\">\n<figure class=\"wp-block-image size-large\"><img fetchpriority=\"high\" decoding=\"async\" width=\"1024\" height=\"682\" data-id=\"863\" src=\"https:\/\/ssps-backup.200.solutions\/wp-content\/uploads\/2020\/09\/IMG_9429-1024x682.jpg\" alt=\"\" class=\"wp-image-863\" srcset=\"https:\/\/ssps-backup.200.solutions\/wp-content\/uploads\/2020\/09\/IMG_9429-1024x682.jpg 1024w, https:\/\/ssps-backup.200.solutions\/wp-content\/uploads\/2020\/09\/IMG_9429-300x200.jpg 300w, https:\/\/ssps-backup.200.solutions\/wp-content\/uploads\/2020\/09\/IMG_9429-768x512.jpg 768w, https:\/\/ssps-backup.200.solutions\/wp-content\/uploads\/2020\/09\/IMG_9429-1536x1024.jpg 1536w, https:\/\/ssps-backup.200.solutions\/wp-content\/uploads\/2020\/09\/IMG_9429.jpg 2000w\" sizes=\"(max-width: 1024px) 100vw, 1024px\" \/><\/figure>\n\n\n\n<figure class=\"wp-block-image size-large\"><img decoding=\"async\" width=\"1024\" height=\"683\" data-id=\"972\" src=\"https:\/\/ssps-backup.200.solutions\/wp-content\/uploads\/2020\/10\/15-scaled-1-1024x683.jpg\" alt=\"\" class=\"wp-image-972\" srcset=\"https:\/\/ssps-backup.200.solutions\/wp-content\/uploads\/2020\/10\/15-scaled-1-1024x683.jpg 1024w, https:\/\/ssps-backup.200.solutions\/wp-content\/uploads\/2020\/10\/15-scaled-1-300x200.jpg 300w, https:\/\/ssps-backup.200.solutions\/wp-content\/uploads\/2020\/10\/15-scaled-1-768x512.jpg 768w, https:\/\/ssps-backup.200.solutions\/wp-content\/uploads\/2020\/10\/15-scaled-1-1536x1024.jpg 1536w, https:\/\/ssps-backup.200.solutions\/wp-content\/uploads\/2020\/10\/15-scaled-1-2048x1366.jpg 2048w\" sizes=\"(max-width: 1024px) 100vw, 1024px\" \/><\/figure>\n\n\n\n<figure class=\"wp-block-image size-large\"><img decoding=\"async\" width=\"1024\" height=\"576\" data-id=\"976\" src=\"https:\/\/ssps-backup.200.solutions\/wp-content\/uploads\/2020\/10\/IMG_20160212_090750-1024x576.jpg\" alt=\"\" class=\"wp-image-976\" srcset=\"https:\/\/ssps-backup.200.solutions\/wp-content\/uploads\/2020\/10\/IMG_20160212_090750-1024x576.jpg 1024w, https:\/\/ssps-backup.200.solutions\/wp-content\/uploads\/2020\/10\/IMG_20160212_090750-300x169.jpg 300w, https:\/\/ssps-backup.200.solutions\/wp-content\/uploads\/2020\/10\/IMG_20160212_090750-768x432.jpg 768w, https:\/\/ssps-backup.200.solutions\/wp-content\/uploads\/2020\/10\/IMG_20160212_090750-1536x864.jpg 1536w, https:\/\/ssps-backup.200.solutions\/wp-content\/uploads\/2020\/10\/IMG_20160212_090750-2048x1152.jpg 2048w\" sizes=\"(max-width: 1024px) 100vw, 1024px\" \/><\/figure>\n<\/figure>\n","protected":false},"excerpt":{"rendered":"<p>Jsme \u010dast\u00fdm \u017eadatelem a p\u0159\u00edjemcem nejr\u016fzn\u011bj\u0161\u00edch grantov\u00fdch v\u00fdzev. Ty aktu\u00e1ln\u011b prob\u00edhaj\u00edc\u00ed maj\u00ed svoji z\u00e1lo\u017eku v&#8230; <a href=\"https:\/\/ssps-backup.200.solutions\/?page_id=1052\" class=\"readmore\">Zobrazit v\u00edce<\/a><\/p>\n","protected":false},"author":14,"featured_media":0,"parent":154,"menu_order":2,"comment_status":"closed","ping_status":"closed","template":"","meta":{"_acf_changed":false,"inline_featured_image":false,"footnotes":""},"class_list":["post-1052","page","type-page","status-publish","hentry"],"acf":[],"_links":{"self":[{"href":"https:\/\/ssps-backup.200.solutions\/index.php?rest_route=\/wp\/v2\/pages\/1052","targetHints":{"allow":["GET"]}}],"collection":[{"href":"https:\/\/ssps-backup.200.solutions\/index.php?rest_route=\/wp\/v2\/pages"}],"about":[{"href":"https:\/\/ssps-backup.200.solutions\/index.php?rest_route=\/wp\/v2\/types\/page"}],"author":[{"embeddable":true,"href":"https:\/\/ssps-backup.200.solutions\/index.php?rest_route=\/wp\/v2\/users\/14"}],"replies":[{"embeddable":true,"href":"https:\/\/ssps-backup.200.solutions\/index.php?rest_route=%2Fwp%2Fv2%2Fcomments&post=1052"}],"version-history":[{"count":5,"href":"https:\/\/ssps-backup.200.solutions\/index.php?rest_route=\/wp\/v2\/pages\/1052\/revisions"}],"predecessor-version":[{"id":4873,"href":"https:\/\/ssps-backup.200.solutions\/index.php?rest_route=\/wp\/v2\/pages\/1052\/revisions\/4873"}],"up":[{"embeddable":true,"href":"https:\/\/ssps-backup.200.solutions\/index.php?rest_route=\/wp\/v2\/pages\/154"}],"wp:attachment":[{"href":"https:\/\/ssps-backup.200.solutions\/index.php?rest_route=%2Fwp%2Fv2%2Fmedia&parent=1052"}],"curies":[{"name":"wp","href":"https:\/\/api.w.org\/{rel}","templated":true}]}}